m + 284. Let a be h(36). Give l(a).
-53
Suppose 3*j + 6*j - 54 = 0. Let m(r) = 5*r**2 + 13*r - 8. Let i(t) = -11*t**2 - 27*t + 17. Let h(n) = -6*i(n) - 13*m(n). Give h(j).
-4
Let v(u) = 3*u - 27*u + 9*u + 11*u + 7*u - 6. Let n(x) = x**2 - 2*x + 2. Let z be n(3). Determine v(z).
9
Let z(t) = -2*t**2 + 12*t + 9. Let i(y) = 3*y**2 - 23*y - 18. Let d(x) = 3*i(x) + 5*z(x). What is d(-9)?
-9
Suppose 4*f - 13 = -1. Suppose 4*y = -d - y - 2, f*d + 20 = -y. Let g(z) = 3*z + 2. Calculate g(d).
-19
Let t(v) = 4 + 0 + 2*v - 5 - 17. What is t(10)?
2
Suppose 0 = -7*t + 2*t - 5. Let m = t + -4. Let b(a) = a**3 - a**2 + a + 1. Let c(p) = -4*p**3 - 2*p**2 - 3*p + 3. Let f(k) = 3*b(k) + c(k). What is f(m)?
6
Suppose 2*q + 12 = -0*q. Let o be q/((-21)/6 - -2). Let l(b) = 8 - b**2 - o - 5. Give l(0).
-1
Let t(n) = 4*n - 9. Let v(w) = 8*w - 20. Let s(m) = -7*t(m) + 3*v(m). Determine s(10).
-37
Let o = 233 + -230. Let z(h) be the first derivative of -1/3*h**3 - 6 - o*h**2 - h. Calculate z(-5).
4
Suppose -35 = 3*y + 4*y. Let j(r) = -3 - 1 + r**2 - 4*r - 2*r**2. Give j(y).
-9
Let h(f) = 15*f + 5. Let a(y) = -16*y - 5. Let l(u) = 5*a(u) + 4*h(u). Let x(b) = -b - 1. Let v(t) = l(t) - 4*x(t). What is v(1)?
-17
Let s(u) = -u**2 - u - 1. Let f be 2*6/(-12) - -5. Let a(n) = -3*n**2 - 8*n - 10. Let p(d) = f*s(d) - a(d). Give p(5).
1
Let f(q) be the second derivative of 1/6*q**3 + 1/2*q**2 + 0 - 10*q. Suppose 16 = 4*i - 4*z, 0*i - 2*z - 20 = -5*i. Determine f(i).
5
Suppose 0 = 3*y - 3 - 0. Let w be y/(-2)*(-1 - -1). Let p(u) = -2 + 2 + w*u + 3*u. What is p(3)?
9
Let t be -1 - 0 - (0 - 2). Let a be 0 + (-8)/(3 + t). Let d(m) = 1 - 9 - 4*m + 5. Give d(a).
5
Let l(w) be the second derivative of w**5/20 - 11*w**4/12 + 11*w**3/6 - 324*w. Determine l(10).
10
Let t(l) = -3 + 15*l - 6*l - 4*l - l**2 - 4. What is t(5)?
-7
Let s(q) = 17*q**2 - 31*q + 8. Let f(x) = -8*x**2 + 15*x - 4. Let w(d) = -13*f(d) - 6*s(d). Calculate w(6).
22
Let d(r) = 26*r + 13. Let x(s) = 98*s + 50. Let o(g) = -15*d(g) + 4*x(g). What is o(0)?
5
Let d be 665/50 + 30/(-100). Let n(o) = -2*o + 20. Determine n(d).
-6
Let q(t) = t**2 - t + 9. Let r be q(4). Let c = r + -19. Let v(i) = 5*i - 3*i - 8 + 5*i + c*i**3 - 3*i**3 + 6*i**2. Calculate v(7).
-8
Let o(u) = -u**3 + 6*u**2 + 7*u + 2. Let b be o(7). Let a(g) = -2*g - 8 + 13 - 1 + g**b - 3. What is a(-2)?
9
Let k(b) = 4*b - 5. Let t(n) = -9*n + 11. Let g(r) = -14*k(r) - 6*t(r). Let l be ((-11)/66)/(4/(-120)). What is g(l)?
-6
Let d be 4/(-18) - 166/(-18). Suppose c + d = 4*c. Let h(s) = 7*s + 3*s**2 + 1 + 2*s**3 - 6*s - 3*s**3. What is h(c)?
4
Let z = -118 - -108. Let k(d) = d**2 + 8*d - 11. Determine k(z).
9
Let c be (204/(-18))/((-1)/(-6)). Let d be (-6)/8 + (-255)/c. Let q(s) = s**3 - 2*s**2 - 3*s. Determine q(d).
0
Let g(f) = 4*f + 2. Let o = 22 - 11. Suppose -5*t - o = -4*c, 4*c + 3*t = t + 18. What is g(c)?
18
Suppose 4*d = v + 3, -4*v + 0*v - 4*d = 32. Let a(b) = -b**2 - 5*b - 2. What is a(v)?
-16
Suppose 9*p - 43*p = -238. Let w(f) = -f**2 - f + 8. Determine w(p).
-48
Let s(m) be the second derivative of 6*m - 5/2*m**2 + 4/3*m**3 + 0 - 1/12*m**4. Calculate s(6).
7
Let m(k) = -2*k**3 + 0*k**2 + 4*k**2 + 4*k**3 - 1. Suppose -7*p = -0*p + 9*p + 48. Determine m(p).
-19
Let s(k) = -k**3 + 9*k**2 + 11*k - 10. Let g(r) = -r**3 + 4*r**2 - 6*r + 19. Let x be g(3). Give s(x).
0
Let h be (3/14 - (-4)/14)*6. Let t(r) = -r**2 - 2*r - 7*r**3 + r + 6*r**h - 3. What is t(0)?
-3
Let i(q) = -828 + 806 + 2*q + 0*q. Let c be i(14). Let j(r) = 8 - r**3 - 4*r + 1 + 6*r**2 - 1. Calculate j(c).
-16
Let q(j) be the third derivative of -j**6/120 - j**5/12 + j**4/6 + j**3 + j**2 + 70. Let o = -11 - -6. Calculate q(o).
-14
Let l(p) = 3*p - 9. Suppose -3*d + 155 + 10 = 0. Let u be 1/2 + d/10. Give l(u).
9
Let y(g) = -4*g**2 + g + 3. Let n(r) = -r**2 + 2*r - 2. Let a(i) = -3*n(i) + y(i). Calculate a(-8).
-15
Let x(o) = 8*o**2 + 16*o - 2. Let i(w) = -5*w**2 - 8*w + 1. Let q(p) = -5*i(p) - 3*x(p). Determine q(8).
1
Let i(y) be the first derivative of y**4/2 - y**3 - y**2/2 - 2*y + 112. Give i(2).
0
Suppose -4*t = 3*b + 9 + 36, -t + 2*b = 3. Let s(h) be the first derivative of -h**4/4 - 8*h**3/3 + 9*h**2/2 - 3*h + 145. What is s(t)?
-3
Suppose -3*v = -5*v + 8. Let h be v/(-20) + (-116)/20. Let q(f) = 3*f + 7. Calculate q(h).
-11
Let p(c) be the first derivative of -c**3/3 - 7*c**2/2 + 6*c + 2. Let b = -2 + -7. Let a be (4 - 3)*(b + 2). Give p(a).
6
Let x(v) be the first derivative of v**2 - 4*v - 3. Let k = -2 + 12. Let o = k - 4. Give x(o).
8
Let q(s) = -36*s - 28*s + 61*s + 25. Let d be q(8). Let z(t) = -3*t**2 + 2*t - 1. Determine z(d).
-2
Let l = -46 - -41. Let t(z) = 5*z - 23. Let u(v) = -3*v + 12. Let b(r) = 6*t(r) + 11*u(r). Determine b(l).
9
Let m(p) = -p**2 + 6*p - 1. Let r(n) = 16*n**2 - n + 1. Let b be r(1). Let h = b + 0. Let x = h - 11. What is m(x)?
4
Let g(w) = w**3 - 8*w**2 + 7*w + 4. Let f(v) = -v**2 + v + 1. Let y(j) = -4*f(j) + g(j). Let h be y(3). Let o(r) = r**2 - 10. What is o(h)?
-10
Let v(o) = 2*o**3 - 2*o - 3. Let m(w) = -w**2 + 14*w - 40. Let y be m(8). Suppose -3*x + i - y = 0, -2*x + i - 3*i = 0. Give v(x).
-15
Let w(p) = -2*p. Let m be 8/(-36) + (-38)/(-9). Let d(h) = -h + 6. Let t be d(m). Suppose g + 1 = -t. What is w(g)?
6
Let m(o) = -o**3 + 4*o**2 - 4*o + 3. Let y be m(2). Let c(b) = -b + 24. Let k be c(21). Let v(x) = -2*x - 4*x + 3*x - k + 4*x. What is v(y)?
0
Let y(z) = -z**2 - 12*z + 2. Let t be y(-10). Suppose -3*c - 150 = 3*c. Let g = t + c. Let k(m) = -2*m. Give k(g).
6
Suppose 4*n + 5*q = -17, 3*q + 17 = n - 0*n. Let s(d) = 3*d - d - 2*d + n*d. Determine s(-5).
-10
Let a(n) = 3*n**3 - 2*n**2 - 2*n - 1. Suppose -5*o - 29 = 3*q - 103, -2*q = -5*o + 59. Suppose 3*k + 56 = -k. Let i = o + k. Give a(i).
-4
Let g(v) = 4*v**2 + v - 10. Let u(k) = -5*k**2 + 11. Let p = -23 - -28. Let t = -9 + p. Let i(r) = t*g(r) - 3*u(r). Calculate i(-6).
-5
Let v(k) = -k**2 + k + 8. Let q be v(4). Let r(t) be the second derivative of 0 - 1/12*t**4 - 4*t - 1/2*t**2 - 1/2*t**3. Give r(q).
-5
Let y(q) = -201*q - 5 + 6 + 202*q + 8. Determine y(-8).
1
Let c be 3 - ((-11 - -5) + 4). Let q(h) = -h**3 + 9*h**2 - 8*h + 3. What is q(c)?
63
Suppose 0 = -4*l + 4, l + l = -5*y + 22. Let k(c) = y*c**2 - 5*c**2 - 8*c - 2 + 7 + 2. Determine k(-7).
14
Let q(p) = p**3 + 1 + 19 - 26 - 9*p**2 + 22*p. Calculate q(5).
4
Let s(h) be the second derivative of -h**5/4 + h**2/2 + 42*h + 1. Suppose -d - 2 = -3. Let p be s(d). Let q(y) = y + 4. What is q(p)?
0
Let p = -36 - -56. Let z(i) = 13 - 3*i + 2*i - p + 8. What is z(5)?
-4
Suppose 6*s = 16*s - 70. Let d(h) = -2*h - 6*h + s*h - 7 + 2*h. Give d(7).
0
Let k(x) be the first derivative of x**2 + 45. What is k(1)?
2
Suppose -4*u - 3*y - 2*y - 72 = 0, -u + 3*y - 1 = 0. Let t(o) = o + 18. Calculate t(u).
5
Let j = -12 + 8. Let y be (j/((-12)/39))/1. Let z(p) = -y + 13 - 2*p + p. What is z(-4)?
4
Let f(x) = -99 + x + x**3 + 10*x**2 + 24 + 32 - 11*x**2. Determine f(0).
-43
Suppose -a - 5*b = 8, 2*b + 2*b + 16 = -2*a. Let r(k) = -k**3 - 7*k**2 + 8*k - 7. Give r(a).
-7
Let m(k) = 6*k + 39. Let g be m(-6). Let n(u) = u**2 - 2*u - 4. Determine n(g).
-1
Let i(t) be the third derivative of t**5/60 - 11*t**4/24 + 2*t**3/3 + 5*t**2. What is i(5)?
-26
Let w = -110 + 103. Let f(p) = p**3 + 7*p**2 - 6. Calculate f(w).
-6
Let h(n) = -n**2 - 3*n + 5. Let d be (1/2)/(1 + 60/(-56)). Let l(o) = 2*o + 9. Let m be l(d). Calculate h(m).
-5
Let d(j) = -2*j + 1. Suppose 5*q + 4*p + 3 - 9 = 0, -5*p = 5*q - 10. What is d(q)?
5
Let a(x) = -x**3 - 6*x**2 - 5. Let p = 83 + -89. Determine a(p).
-5
Let t be (-1)/(((-35)/45)/7). Let q = 2 - t. Let h(x) be the third derivative of x**5/60 + 7*x**4/24 - 4*x**3/3 - 2*x**2. What is h(q)?
-8
Let d(n) = 2*n + 7*n**2 + n**3 - 183 + 408 - 231. Give d(-5).
34
Let w(r) = r**2 + 3*r - 10. Let x(m) = m**2 + m. Let o = -22 + 24. Let b(u) = o*x(u) - w(u). Give b(0).
10
Let j be (4 - 38/3)*3/(-2). Let l be j/(-4) - (-17)/68. Let q(x) = -x**2 - 5*x + 1. Give q(l).
7
Let l(m) = 12*m - 51. Suppose -4157 = -2*q - 4149. Give l(q).
-3
Let c(r) = 6*r + 4. Let d(y) = -13*y - 7. Let o(a) = 7*c(a) + 3*d(a). What is o(-5)?
-8
Suppose 3*z + 3*q + 3 - 15 = 0, -2*z + 2*q = 8. Let b(t) be the second derivative of 4*t + z + 0*t**2 - 1/2*t**3. Determine b(-